 g(q) = 4*q + 0*q + q - q - d. Calculate g(5).
13
Let d(v) be the second derivative of -v**5/4 - v**3/6 - 178*v. Give d(-1).
6
Let p(o) be the second derivative of -o**4/12 - o**3/2 - 7*o**2/2 + 4*o + 21. Give p(-7).
-35
Let u be 238/18 + (-24)/108. Let t(r) = r**3 - 13*r**2 - r + 18. Let q be t(u). Let n(s) = -s**2 + 6*s + 6. Determine n(q).
11
Let l be 6*(-4 - -3) + 52/13. Let x(q) = -5*q - 6. Give x(l).
4
Let k be -7 - ((-15)/(-5) + -5 + 1). Let x(d) = 3*d**2 + 9*d + 3. Calculate x(k).
57
Let b(x) = 9*x - 4*x + 10 + 3*x + 3*x - 3*x**2 + 4*x**2. Calculate b(-8).
-14
Let k(s) = -s**2 + 11*s + 12. Let p(w) = -3*w - 3. Let x be p(-5). Let v be k(x). Let z(u) be the first derivative of u**3/3 - u**2/2 - 4*u - 2. Give z(v).
-4
Let a(k) = -2*k**3 + 5*k**2 - 4*k. Let n(r) = -r**2 + r. Let z(y) = a(y) + 3*n(y). Let q be 8 + (-2)/(8/4). Suppose t = -5 + q. Calculate z(t).
-10
Let o(w) = 5*w**3 + 4*w**2 - 9*w - 3. Let c(x) = -22*x**3 - 14*x**2 + 36*x + 11. Let g(q) = -2*c(q) - 9*o(q). Calculate g(-9).
5
Let g be 1 + (-3 - 0) + -2. Suppose -2*p + y = -8, -p + 0*y = -y - 6. Let d(i) = 3 - 4*i**p - i + 3*i**2 + 2*i - 3*i. What is d(g)?
-5
Let d(g) be the second derivative of -g**2 + 0 + 1/6*g**3 - 14*g. Calculate d(3).
1
Let t(s) = -9*s - 7. Let q(r) = -5*r - 4. Let z(k) = -11*q(k) + 6*t(k). Let w be (-1 - (-4)/1)/(-1). Determine z(w).
-1
Suppose -4*l + 9*l - 15 = 0. Suppose -l*t = j + 13, -t - 3 - 10 = -4*j. Let f(s) = -s**2 + 3*s - 3. What is f(j)?
-1
Let d(m) = m**3 + 7*m**2 + 5*m - 4. Let x be (4/30)/(-1) + (-124)/(-30). Suppose -s - x - 2 = 0. Calculate d(s).
2
Let y(i) = -3*i + 9. Let u be -3*(1/(-6))/(9/(-126)). Give y(u).
30
Suppose -25 = -12*j + 7*j. Let o(u) be the third derivative of u**4/8 - 7*u**3/6 + u**2 + 185. What is o(j)?
8
Let u(m) be the second derivative of 12*m - 1/12*m**4 + 3/2*m**3 + 0 - 7/2*m**2. Determine u(8).
1
Let y(l) = -3*l - l + l**2 + 0*l - 2 + 2*l. Let f = -38 - -36. Determine y(f).
6
Let c be -42 + -2 + 5/(5/4). Let o = 34 + c. Let w(d) = -6*d + 3 - d**2 + 0 - 6. Calculate w(o).
-3
Let a(v) = -v**2 + 6*v - 3. Let j(f) = 11*f - 1. Let o be j(1). Let i = 14 - o. Suppose -i*u + 2*x + 45 - 15 = 0, 2*u = -2*x. Give a(u).
2
Let v(p) = -p**2 + 2*p + 1. Let s be v(2). Let r(d) = -3*d**2 - 6*d + 5. Let u(n) = -8*n**2 - 17*n + 14. Let w(z) = -11*r(z) + 4*u(z). Determine w(s).
0
Let z = -884 - -877. Let t(l) = -l - 4. What is t(z)?
3
Let o(f) = f**2 + 38*f + 178. Let b be o(-6). Let w(k) = k**3 + 13*k**2 - 14*k + 11. Determine w(b).
11
Let k(z) be the first derivative of -2*z**3/3 - 3*z**2/2 + 3*z + 185. Calculate k(-3).
-6
Let y(t) = -t**2 + 19*t - 49. Let u be y(3). Let o(r) be the second derivative of -11*r**4/6 + r**2/2 - 15*r. Determine o(u).
-21
Let g be ((-28)/(-20)*-1)/((-1)/(-5)). Let u(k) = 1 + 3*k**2 - 5*k - k**3 - 3*k**2 - 8*k**2. Calculate u(g).
-13
Let i(o) = -2*o + 42. Let a(k) = -2*k + 51. Let c(r) = -4*a(r) + 5*i(r). What is c(-2)?
10
Let u = 17 + -23. Let w(b) = -5 + 2 - b + 4. What is w(u)?
7
Let t(f) = -10*f**2 - 757*f + 2 + 753*f + 11*f**2. Suppose -9 = -s + 2*h, -36 = -4*s - 0*h - 2*h. Let d = s + -5. Determine t(d).
2
Let n(b) be the second derivative of b**4/6 - b**2 - b. Let f = 0 - -1. Let i be 2 + -1*(1 - f). What is n(i)?
6
Let t(c) = -4 + 7*c**2 - c + 2 - 2 + 81*c**3 + 2 - 82*c**3. Give t(5).
43
Let b(n) = n**3 - 4*n**2 + 6*n - 4. Let a(w) = w**3 - 4*w**2 + 5*w - 3. Let x(p) = 3*a(p) - 2*b(p). Let r be 22*(14/4)/(-7). Let d = r + 15. Give x(d).
11
Let t(g) = -g**2 + 11*g - 30. Let w be t(8). Let n(a) be the first derivative of a**4/4 + 2*a**3 + a**2 - a + 4. Determine n(w).
-13
Let k be ((-5)/20)/((-3)/12)*7. Let n(o) = -o**3 + 7*o**2 + 2*o - 8. What is n(k)?
6
Let f(m) = m + 11. Let a(l) = 7*l + 13. Let q(k) = 2*a(k) - 2*f(k). What is q(-3)?
-32
Suppose 0 = 2*x + 24 - 18, 3*y = 4*x + 39. Let o(f) = -f**2 + 9*f - 10. Determine o(y).
-10
Let c(w) be the third derivative of -w**5/30 + w**4/3 - 4*w**3/3 - 2*w**2 + 10. Determine c(6).
-32
Let b(j) = -2*j**2 - 14*j + 12. Let d be b(-8). Let x(m) = m**2 + 7*m + 2. Calculate x(d).
-10
Let f(n) = -4*n. Suppose -2 + 1 = y. Let k = y + 4. Suppose 2*u + 4*j = 2*j - 10, k*j + 7 = u. Give f(u).
8
Let c(p) be the first derivative of -2*p**3/3 + 9*p**2/2 - 2*p - 739. Give c(5).
-7
Let m be 2/5 - 146/(-10). Let x = m + -11. Let t(h) = -h**2 + 4*h - 1. What is t(x)?
-1
Let j(l) = -31*l**2 + 2*l + 3. Let f(i) = -39*i**2 + i + 4. Let v(o) = -4*f(o) + 5*j(o). What is v(-5)?
-6
Suppose -4*r = -4*x + 4, 5*x - 28 = -2*r - 9. Suppose i - 9 + x = 0. Suppose -5*p + 0*u - 2*u = -33, -2*p + i = -u. Let s(z) = -3*z + 6. What is s(p)?
-9
Let c = 160 + -158. Let k(w) = 2*w**3 + w**2 + 2*w - 2. Determine k(c).
22
Let h(a) = a + 1. Let n = -12 + 27. Suppose -n + 8 = f. Determine h(f).
-6
Let q(p) = -p - 3. Let x be q(3). Let z(r) = r + 4. Let i(d) = 7*d + 20. Let h(b) = -i(b) + 6*z(b). Determine h(x).
10
Let r(n) = -2*n + 2*n**2 - 10 - 12 - 9 + 32 + 16*n**3 + 5*n. What is r(-1)?
-16
Let b(c) be the first derivative of -31 - c**4 - 1/2*c**2 + 1/3*c**3 + c. What is b(1)?
-3
Let k(u) = 10 + 2*u - 7 - 8 - 3. Calculate k(-8).
-24
Let h(u) = u - 2*u + 2 - 1. Let g be (-7)/((-21)/2)*12. Suppose 5*k + 2*m = 30 + g, 0 = -3*k + 3*m + 6. What is h(k)?
-5
Let i(a) be the second derivative of -2*a**2 + 0 + 10*a + 1/6*a**3. What is i(6)?
2
Let g(y) = y - 1. Let t(i) = -9*i. Let b(f) = 6*g(f) + t(f). Determine b(-6).
12
Let f(i) = -3 - 10*i + i + 4*i + 6*i. What is f(11)?
8
Let a(h) = -12*h + 3*h - h + 12 + 4*h. Calculate a(6).
-24
Let m(o) = -o + 12. Let d be m(10). Let s(g) be the third derivative of g**5/20 - g**4/12 - g**3/3 - 18*g**2. Determine s(d).
6
Let a(d) = d**2 + 3*d - 6. Let k be (-5)/15*45/3. Determine a(k).
4
Let g be (-80)/35 - 4/(-14). Let r(j) = -11*j + 19*j - 14*j. Calculate r(g).
12
Let c(y) = 0*y**3 + 2*y**3 - y - 3*y**3 + 2*y**3 + 5. Suppose 3*n - 10 = -0*g - 2*g, n + 5 = g. Give c(n).
5
Let n(r) = -r**2 - 3*r + 7. Let i be n(-5). Let k(b) = 7*b - 33. Let u be k(5). Let h(t) = -6*t**2 + 3*t**u - 5*t + 0*t**2 - 4. Determine h(i).
-16
Suppose -5*b - 4*k = -3, -b - 11*k - 3 = -9*k. Let s(n) = n**2 - 6*n + 6. Determine s(b).
-3
Let l(g) = 81 - 82 - g**2 + 6*g**2 + 2*g. Calculate l(1).
6
Let x be (-50)/(-18) - 4/(-18). Let z(g) = -16 + g**2 - g**2 + g**3 + 15. Let v(s) = 5*s**3 - 4*s**2 - 5. Let n(d) = v(d) - 4*z(d). Calculate n(x).
-10
Let g(r) be the third derivative of r**4/24 + r**3/3 - r**2. Let n = -13165 + 13155. Determine g(n).
-8
Let d(o) = 1. Let t(z) = 4*z**2 + z - 6. Let b(n) = 4*d(n) + t(n). Let i(h) be the first derivative of b(h). Determine i(1).
9
Let u(p) be the third derivative of -9*p + 0*p**3 + p**2 + 0 + 1/60*p**5 - 1/4*p**4. Calculate u(7).
7
Suppose -20*l - 32 - 28 = 0. Let z(w) = -5*w - 3. What is z(l)?
12
Let d(v) be the third derivative of -v**5/20 - v**4/24 + v**3/3 + 4*v**2. Calculate d(-2).
-8
Let b(q) = q + 7. Suppose -10 = 2*k, -30*w - k = -28*w + 29. Calculate b(w).
-5
Let f(w) be the third derivative of -13*w**2 + 0*w + 1/60*w**5 + 0 - 5/3*w**3 - 1/4*w**4. Determine f(7).
-3
Let q be 2/2 + -3 + 7. Let b(i) = q*i + 1 + 2*i**2 + 0 - i. Let g = 381 + -384. Calculate b(g).
7
Let d(u) = u**3 + 6*u**2 - 8*u - 7. Suppose -r = 3*i, 3 - 19 = -4*i + 4*r. Let y be (i + -1 - (3 + -3)) + -7. What is d(y)?
0
Let q(g) = -g**3 + 10*g**2 + 11*g + 1. Suppose 220 = -17*t + 37*t. What is q(t)?
1
Let q(w) = -w**2 + 8*w - 2. Let u(i) = 26*i - 406. Let h be u(16). Give q(h).
-22
Suppose 0 = 2*v + h - 14, -5*v = -4*h - 25 - 23. Let f(u) = u**2 - 8*u - 8. Give f(v).
-8
Let z(n) = -4*n - 2 - n + 1. Suppose 5*g - 42 = -4*p, -3*p + 2*g = -7*p + 36. Suppose -45*v - p = -41*v. Give z(v).
9
Let x(r) = -r + 3. Suppose 5*l = 5*q - 420, 0*q = -l + 4*q - 81. Let i = -77 - l. Calculate x(i).
-5
Let x(p) = p**3 - p**2 - 2*p + 2. Let f = 128 + -130. Determine x(f).
-6
Let t(s) = -s - 10. Let b be ((-1)/2)/(5/(-330)*-3). Give t(b).
1
Let u be -8*(4 + -3)/2. Let s(z) = -10*z**2 - 6*z + 5. Let q(b) = -29*b**2 - 17*b + 14. Let w(k) = u*q(k) + 11*s(k). Give w(1).
7
Let t(a) = 2*a**2 - 6*a + 16 - 3*a**2 - 10 - 5. Let m = 10 - 7. Let s = m + -9. Calculate t(s).
1
Let y(q) = -3*q**3 - 6*q**2 - q - 2. Let n(r) = 4*r**3 + 7*r**2 + 2*r + 2. Suppose 0 = 6*b - 18. Let s(g) = b*y(g) + 2*n(g). Det